18927602?
2, 101, 93701
What are the prime factors of 1249151?
1249151
List the prime factors of 41222.
2, 20611
List the prime factors of 1915491.
3, 103, 6199
What are the prime factors of 1356996?
2, 3, 113083
List the prime factors of 29112595.
5, 23, 253153
What are the prime factors of 510008?
2, 37, 1723
What are the prime factors of 6674026?
2, 3337013
What are the prime factors of 12438895?
5, 7, 7253
List the prime factors of 3348392.
2, 67, 6247
List the prime factors of 184243.
19, 9697
What are the prime factors of 1101012?
2, 3, 11, 19, 439
What are the prime factors of 421053?
3, 140351
List the prime factors of 247690.
2, 5, 17, 31, 47
What are the prime factors of 2439474?
2, 3, 406579
List the prime factors of 4359135.
3, 5, 11, 29, 911
List the prime factors of 145081.
59, 2459
List the prime factors of 5868921.
3, 593, 3299
List the prime factors of 217939.
47, 4637
What are the prime factors of 17733888?
2, 3, 43, 179
What are the prime factors of 105900?
2, 3, 5, 353
What are the prime factors of 16343066?
2, 29, 281777
List the prime factors of 736694.
2, 7, 101, 521
List the prime factors of 10784041.
89, 121169
List the prime factors of 55036.
2, 13759
What are the prime factors of 15350566?
2, 7, 11, 99679
What are the prime factors of 248319?
3, 17, 541
List the prime factors of 3773982.
2, 3, 628997
List the prime factors of 1940606.
2, 970303
List the prime factors of 397532.
2, 23, 29, 149
List the prime factors of 150293.
11, 13, 1051
What are the prime factors of 1311752?
2, 13, 12613
What are the prime factors of 24253982?
2, 821, 14771
List the prime factors of 21362386.
2, 29, 173, 2129
What are the prime factors of 3885841?
3885841
What are the prime factors of 2962060?
2, 5, 29, 5107
What are the prime factors of 82093?
11, 17, 439
List the prime factors of 39987.
3, 1481
List the prime factors of 1679979.
3, 7, 79999
List the prime factors of 1733355.
3, 5, 13, 2963
What are the prime factors of 399882?
2, 3, 7, 9521
List the prime factors of 2429346.
2, 3, 31, 37, 353
List the prime factors of 18640786.
2, 19, 227, 2161
List the prime factors of 276008.
2, 34501
List the prime factors of 324542.
2, 263, 617
List the prime factors of 1810107.
3, 13, 191
List the prime factors of 334084.
2, 17
What are the prime factors of 3557202?
2, 3, 11, 53897
List the prime factors of 201195.
3, 5, 17, 263
List the prime factors of 6738306.
2, 3, 1123051
List the prime factors of 19324375.
5, 7, 631
List the prime factors of 1124622.
2, 3, 43, 1453
List the prime factors of 5003173.
7, 714739
What are the prime factors of 10648569?
3, 19, 127, 1471
What are the prime factors of 72215?
5, 11, 13, 101
What are the prime factors of 9558400?
2, 5, 29, 103
List the prime factors of 454054.
2, 227027
List the prime factors of 287092.
2, 13, 5521
List the prime factors of 4820729.
293, 16453
List the prime factors of 7335382.
2, 991, 3701
What are the prime factors of 3899801?
3899801
List the prime factors of 12219747.
3, 4073249
What are the prime factors of 3252873?
3, 13, 83407
List the prime factors of 422054.
2, 41, 5147
List the prime factors of 203580.
2, 3, 5, 13, 29
List the prime factors of 10184365.
5, 29, 70237
List the prime factors of 387892.
2, 96973
What are the prime factors of 5278859?
79, 66821
List the prime factors of 663875.
5, 47, 113
What are the prime factors of 673672?
2, 107, 787
What are the prime factors of 672871?
672871
What are the prime factors of 7294204?
2, 269, 6779
What are the prime factors of 515917?
515917
What are the prime factors of 92819?
101, 919
What are the prime factors of 249654?
2, 3, 41609
List the prime factors of 271575.
3, 5, 17, 71
List the prime factors of 354251.
354251
What are the prime factors of 9764?
2, 2441
List the prime factors of 1378389.
3, 459463
What are the prime factors of 1035272?
2, 7, 19, 139
List the prime factors of 8639.
53, 163
What are the prime factors of 9386345?
5, 37, 113, 449
What are the prime factors of 26294125?
5, 11, 13, 1471
What are the prime factors of 9818956?
2, 7, 350677
What are the prime factors of 91526?
2, 45763
What are the prime factors of 3639305?
5, 43, 16927
What are the prime factors of 344564?
2, 11, 41, 191
What are the prime factors of 1717194?
2, 3, 286199
List the prime factors of 663851.
89, 7459
List the prime factors of 1258358.
2, 337, 1867
List the prime factors of 260349.
3, 86783
What are the prime factors of 101059?
7, 14437
What are the prime factors of 490603?
17, 28859
What are the prime factors of 3562962?
2, 3, 13, 17, 2687
List the prime factors of 2140937.
2140937
What are the prime factors of 877210?
2, 5, 87721
List the prime factors of 5938282.
2, 7, 424163
List the prime factors of 27957176.
2, 13, 268819
List the prime factors of 189602.
2, 7, 29, 467
What are the prime factors of 42167?
149, 283
What are the prime factors of 675716?
2, 17, 19, 523
List the prime factors of 4274420.
2, 5, 213721
What are the prime factors of 28829750?
2, 5, 115319
List the prime factors of 3815301.
3, 7, 97, 1873
List the prime factors of 40004894.
2, 277, 72211
List the prime factors of 18983751.
3, 311, 20347
List the prime factors of 129503.
11, 61, 193
List the prime factors of 15997368.
2, 3, 666557
What are the prime factors of 1053542?
2, 7, 75253
List the prime factors of 452910.
2, 3, 5, 31, 487
What are the prime factors of 221418?
2, 3, 12301
List the prime factors of 57569.
23, 2503
What are the prime factors of 265984?
2, 1039
List the prime factors of 1303575.
3, 5, 7, 13, 191
What are the prime factors of 2752130?
2, 5, 17, 16189
List the prime factors of 7076207.
7076207
List the prime factors of 413155.
5, 19, 4349
List the prime factors of 799982.
2, 53, 7547
What are the prime factors of 254269?
17, 14957
List the prime factors of 34730.
2, 5, 23, 151
What are the prime factors of 742380?
2, 3, 5, 12373
List the prime factors of 367332.
2, 3, 7, 4373
What are the prime factors of 24188301?
3, 298621
What are the prime factors of 5834850?
2, 3, 5, 7, 5557
List the prime factors of 650166.
2, 3, 11, 9851
What are the prime factors of 237068?
2, 13, 47, 97
List the prime factors of 153420.
2, 3, 5, 2557
List the prime factors of 3187988.
2, 227, 3511
What are the prime factors of 2154506?
2, 277, 3889
What are the prime factors of 954425?
5, 38177
What are the prime factors of 141900?
2, 3, 5, 11, 43
What are the prime factors of 1328393?
11, 120763
What are the prime factors of 834999?
3, 11, 25303
What are the prime factors of 1362806?
2, 681403
What are the prime factors of 484880?
2, 5, 11, 19, 29
What are the prime factors of 1130825?
5, 45233
What are the prime factors of 15770557?
11, 547, 2621
List the prime factors of 4351502.
2, 1021, 2131
List the prime factors of 461543.
103, 4481
List the prime factors of 3891610.
2, 5, 389161
What are the prime factors of 28500481?
59, 61, 7919
List the prime factors of 3573210.
2, 3, 5, 119107
List the prime factors of 6399371.
11, 19, 67, 457
What are the prime factors of 110043?
3, 12227
What are the prime factors of 72873?
3, 2699
What are the prime factors of 5594832?
2, 3, 1439
List the prime factors of 2364102.
2, 3, 13, 10103
List the prime factors of 2730038.
2, 1365019
What are the prime factors of 5673508?
2, 727, 1951
What are the prime factors of 2419894?
2, 1209947
List the prime factors of 1570567.
61, 25747
List the prime factors of 718573.
17, 43, 983
List the prime factors of 4931451.
3, 7, 78277
List the prime factors of 387533.
61, 6353
List the prime factors of 319250.
2, 5, 1277
What are the prime factors of 357264?
2, 3, 827
What are the prime factors of 1199270?
2, 5, 43, 2789
What are the prime factors of 18633754?
2, 9316877
List the prime factors of 6882317.
13, 631, 839
What are the prime factors of 201452?
2, 50363
What are the prime factors of 3000380?
2, 5, 41, 3659
What are the prime factors of 2220543?
3, 13, 18979
What are the prime factors of 2962657?
43, 68899
List the prime factors of 4424036.
2, 19, 58211
What are the prime factors of 35454053?
41, 864733
What are the prime factors of 323986?
2, 13, 17, 733
What are the prime factors of 13834575?
3, 5, 61487
List the prime factors of 4745779.
53, 151, 593
Wha